 is u(-1)?
36
Let n(a) = -a**2 + 47*a - 663. Give n(27).
-123
Let y(c) = -76*c - 1997. Give y(-26).
-21
Let p(n) = -n**3 + 25*n**2 - 117*n + 12. Give p(7).
75
Let g(k) = -92*k**2 - 11*k - 8. Determine g(-3).
-803
Let r(g) = -2616*g - 52307. Determine r(-20).
13
Let u(z) = z**2 + 15*z - 266. What is u(-26)?
20
Let w(y) = y**3 + 5*y**2 - y - 4. Give w(-5).
1
Let w(h) = 15*h - 535. Determine w(16).
-295
Let z(o) = 2*o**3 - 303*o**2 + 153*o - 345. Determine z(151).
-43
Let s(p) = -p**3 - 5*p**2 - 18*p - 106. Determine s(-6).
38
Let t(c) = -93*c**2 + 457*c + 41. What is t(5)?
1
Let g(d) = -d**2 + 11*d - 42. Determine g(6).
-12
Let q(p) = 177*p + 22290. Determine q(-126).
-12
Let g(c) = 5*c**3 - 994*c**2 - 1206*c + 1196. What is g(200)?
-4
Let u(q) = -q**3 + 58*q**2 + 245*q + 206. Give u(62).
20
Let h(u) = -u**2 - 22*u - 16. Determine h(-16).
80
Let y(c) = -59*c - 5476. Give y(-93).
11
Let v(m) = 15*m**2 + 13*m - 54. Give v(2).
32
Let p(y) = -4*y**2 + 181*y - 256. Calculate p(48).
-784
Let w(g) = -7*g**3 + 7*g**2 - 2*g - 6. What is w(3)?
-138
Let t(x) = 45*x**3 - x**2 - 401*x - 401. Give t(-1).
-46
Let w(h) = 3*h - 147. Determine w(49).
0
Let t(r) = -4*r**2 + 380*r + 407. What is t(96)?
23
Let l(z) = 5*z - 1016. What is l(60)?
-716
Let d(u) = 517*u - 54796. Determine d(106).
6
Let n(z) = -120*z - 1475. Determine n(-12).
-35
Let y(i) = i**2 + 30*i - 1230. Calculate y(23).
-11
Let s(b) = -37*b**2 + 1815*b - 59. What is s(49)?
39
Let j(z) = -12*z**2 - 46*z - 10. What is j(-3)?
20
Let d(q) = -166*q + 4479. Calculate d(27).
-3
Let n(o) = -15*o - 460. Give n(-30).
-10
Let j(n) = -98*n - 1950. Determine j(-20).
10
Let v(f) = f**3 + 36*f**2 + 205*f + 25. What is v(-29)?
-33
Let z(k) = -2*k**2 + 91*k - 174. Calculate z(40).
266
Let m(o) = -1140*o - 6462. Calculate m(-6).
378
Let t(i) = -3*i**3 + 15*i**2 - 19*i + 107. Give t(5).
12
Let h(c) = -373*c + 167117. Determine h(448).
13
Let o(u) = 11*u**2 + 20*u + 18. What is o(-1)?
9
Let t(z) = -81*z + 385. Determine t(6).
-101
Let a(f) = -f**3 + 4*f**2 - 29*f - 3. Calculate a(0).
-3
Let z(y) = -417*y - 43. Calculate z(0).
-43
Let c(z) = 1957*z + 9789. What is c(-5)?
4
Let h(s) = 919*s - 12709. What is h(14)?
157
Let z(h) = -2*h**3 - 191*h**2 - 102*h - 565. What is z(-95)?
100
Let v(j) = -25*j - 184. Calculate v(-7).
-9
Let x(o) = 26*o + 248. Determine x(-11).
-38
Let g(h) = -44*h + 23. Calculate g(3).
-109
Let s(f) = -f**2 - 2*f + 20. Give s(11).
-123
Let r(p) = -103*p**2 + 11*p + 4. Give r(-2).
-430
Let a(l) = -l**2 + 25*l - 4. Give a(3).
62
Let o(p) = 53*p - 515. Calculate o(11).
68
Let v(w) = -w**3 - 3*w**2 + 5*w + 26. Calculate v(-3).
11
Let v(s) = -2*s**3 - 25*s**2 + 33*s + 205. Give v(-12).
-335
Let q(k) = -k**3 + 6*k + 100. What is q(0)?
100
Let f(r) = 16*r - 18. Calculate f(1).
-2
Let m(w) = 12*w**2 - 21*w + 92. What is m(5)?
287
Let y(p) = p**2 - 9*p + 15. Calculate y(6).
-3
Let b(r) = 3*r**2 + 74*r + 7. Determine b(-24).
-41
Let k(u) = -896*u + 129. Give k(1).
-767
Let p(w) = w**2 - 9*w - 412. Determine p(-22).
270
Let p(j) = -31*j - 2010. What is p(-65)?
5
Let c(a) = 4419*a - 57447. Determine c(13).
0
Let i(n) = -6*n**3 + 2*n**2 + 4*n - 6. Give i(1).
-6
Let c(r) = r**3 + 14*r**2 - 22*r - 238. What is c(-8)?
322
Let m(v) = -204*v + 1037. What is m(5)?
17
Let j(s) = -s**3 + 55*s**2 - 116*s + 516. Determine j(53).
-14
Let s(y) = -3*y**2 + 65*y - 438. Determine s(14).
-116
Let a(q) = q**3 + 67*q**2 - 3*q - 187. Determine a(-67).
14
Let b(g) = g**2 - 22*g + 11. Calculate b(22).
11
Let c(l) = l**2 + 10*l - 32. Determine c(-11).
-21
Let r(n) = -n**3 + 10*n**2 - 9*n + 12. Determine r(9).
12
Let r(j) = -2*j**3 - 30*j**2 - 25*j - 83. Give r(-15).
292
Let x(a) = -577*a + 2287. What is x(4)?
-21
Let m(r) = 591*r - 17146. What is m(29)?
-7
Let k(l) = l**2 + 52*l - 15. Determine k(0).
-15
Let q(f) = f**2 + 47*f + 125. What is q(-45)?
35
Let f(g) = g**3 + 13*g**2 + 20. Determine f(-13).
20
Let x(r) = -r**2 - 23*r + 265. Determine x(-32).
-23
Let u(k) = -62*k + 110. Calculate u(7).
-324
Let m(p) = -13*p**2 + 42*p + 231. Give m(-5).
-304
Let p(d) = -d**2 - 6*d + 1748. Determine p(-45).
-7
Let m(v) = -16*v**2 + 934*v - 360. Determine m(58).
-12
Let b(p) = 60*p**2 + 7*p - 9. What is b(1)?
58
Let z(y) = y**3 + 3*y**2 - 5*y + 6. Determine z(3).
45
Let q(r) = r**3 - 10*r**2 + 17*r - 50. Calculate q(7).
-78
Let k(y) = -6*y**2 - 271*y - 270. Give k(-44).
38
Let d(j) = 2*j**2 + 8*j - 463. Give d(13).
-21
Let g(n) = n**3 + 13*n**2 - 26*n - 51. Determine g(-15).
-111
Let w(u) = u**3 + 2*u**2 - 77*u + 32. Determine w(-10).
2
Let l(s) = -44*s**2 - 258*s + 45. What is l(-6)?
9
Let c(i) = -14*i**2 + 22*i + 2. Give c(4).
-134
Let v(s) = 1273*s - 7642. Determine v(6).
-4
Let a(k) = -12*k**2 + 281*k - 23. Determine a(22).
351
Let o(u) = 36*u - 72. Calculate o(3).
36
Let p(r) = -r**2 - 72*r - 565. What is p(-9)?
2
Let b(v) = 282*v - 7. Calculate b(0).
-7
Let v(i) = i**3 + 39*i**2 - 36*i - 4. Determine v(-40).
-164
Let t(p) = -3*p**2 + 3*p + 44. Give t(8).
-124
Let h(r) = 23*r - 188. What is h(13)?
111
Let b(n) = 2*n**3 - 38*n**2 - 241*n + 34. Calculate b(24).
10
Let u(s) = 156*s + 1100. Give u(-7).
8
Let b(f) = -42*f - 23. Give b(6).
-275
Let y(t) = 2*t**2 - 34*t - 91. Calculate y(11).
-223
Let n(p) = -20*p - 130. Determine n(-7).
10
Let z(i) = 7*i - 115. Calculate z(-8).
-171
Let h(o) = 22*o - 451. What is h(20)?
-11
Let n(l) = -16*l**2 - 191*l + 2125. What is n(7)?
4
Let f(u) = 60*u - 473. What is f(8)?
7
Let i(j) = -46*j + 51. What is i(1)?
5
Let a(o) = 68*o + 2322. Determine a(-34).
10
Let u(g) = g**3 - 33*g**2 + 98*g - 256. What is u(30)?
-16
Let a(m) = 507*m - 12759. Determine a(25).
-84
Let n(v) = -1840*v + 80946. What is n(44)?
-14
Let j(s) = s**3 - 8*s**2 - s - 1. Determine j(6).
-79
Let x(c) = -c**3 + 44*c**2 - 296*c + 21. Determine x(36).
-267
Let t(o) = -18*o**2 - 10. Give t(-6).
-658
Let m(k) = 108*k**2 + 29*k + 27. Give m(-1).
106
Let t(q) = -2*q**3 - 13*q**2 - 3*q + 8. Give t(-6).
-10
Let o(q) = 3*q - 136. What is o(35)?
-31
Let u(x) = 3*x**3 - 22*x**2 + 3*x + 26. Determine u(7).
-2
Let s(w) = -w**3 - 27*w**2 + 90*w - 90. Calculate s(-30).
-90
Let g(n) = 25*n + 1149. Determine g(-44).
49
Let f(k) = 396*k + 9556. Give f(-24).
52
Let c(t) = 3*t**2 + 55*t + 114. Determine c(-25).
614
Let i(m) = m**3 + 108*m**2 - 1444*m - 486. Determine i(-120).
-6
Let r(s) = s**2 + 185*s + 8169. Determine r(-112).
-7
Let t(x) = x**3 - 66*x**2 + 11*x - 721. Give t(66).
5
Let z(h) = -75*h - 439. Determine z(-6).
11
Let q(c) = 3*c**2 - 37*c - 19. Determine q(12).
-31
Let r(i) = i**3 + 16*i**2 - 42*i + 12. Calculate r(2).
0
Let q(p) = 4*p**3 + 14*p + 16. What is q(-2)?
-44
Let m(u) = u**2 + 27*u + 11. Calculate m(-12).
-169
Let l(v) = 177*v - 413. Calculate l(2).
-59
Let t(p) = -p**3 - 160*p**2 - 181*p - 3503. What is t(-159)?
-5
Let g(a) = -a**3 - 16*a**2 + 71*a - 48. Give g(3).
-6
Let j(y) = 337*y - 277. Calculate j(1).
60
Let i(u) = 5*u**2 + 16*u - 10. What is i(-7)?
123
Let h(a) = -13*a**2 - 2*a + 31. What is h(-4)?
-169
Let f(a) = -98*a - 1132. Calculate f(-12).
44
Let l(a) = -944*a + 1891. Calculate l(2).
3
Let r(f) = -2*f**3 - 7*f**2 - 13*f - 51. What is r(-5)?
89
Let w(z) = 147*z + 12040. Determine w(-82).
-14
Let p(w) = -132*w - 2587. Give p(-20).
53
Let y(c) = -c**3 + 29*c**2 - 7*c + 72. What is y(29)?
-131
Let x(b) = -12326*b + 234191. What is x(19)?
-3
Let n(a) = 23*a + 542. Give n(-25).
-33
Let d(f) = -f**3 - 27*f**2 - 163*f + 134. Determine d(-11).
-9
Let t(s) = -35*s - 125. Calculate t(15).
-650
Let i(c) = -c**3 + 12*c**2 - 47*c + 218. What is i(7)?
134
Let g(a) = 7*a**2 + 288*a + 568. Determine g(-2).
20
Let l(c) = 100*c + 713. Give l(-7).
13
Let q(b) = -14*b**2 + 3035*b + 651. Calculate q(217).
0
Let q(j) = -15*j**3 + 5*j**2 + 11*j - 2. Give q(-2).
116
Let q(r) = -13*r - 928. Determine q(-20).
-668
Let s(t) = -22*t**2 - 6*t + 5. Determine s(-2).
-71
Let c(l) = -2*l**2 - 98*l + 100. Determine c(-46).
376
Let s(m) = 109*m + 5124. What is s(-47)?
1
Let x(f) = f**3 - f**2 - 1. Give x(4).
47
Let w(t) = 2*t**3 + 139*t**2 - 212*t + 134. Determine w(-71).
63
Let c(m) = -m**3 + m**2 + 26*m - 243. Calculate c(7).
-355
Let f(o) = 7*o - 73. What is f(17)?
46
Let g(j) = -81*j**2 - 20*j - 3. Determine g(-2).
-287
Let i(y) = 2*y**2 - 2*y +